 p is divided by 9?
7
Suppose -14 = -2*d - 4*i, -59 = -5*d - 2*i - 0. What is the remainder when 23 is divided by d?
10
Suppose 0*s + h = -3*s + 16, -5*h - 4 = s. Calculate the remainder when s is divided by 2.
0
Let v = 11 - 10. What is the remainder when 1 is divided by v?
0
Suppose 4*q - 12*q + 16 = 0. What is the remainder when 6 is divided by q?
0
Suppose 0 = -5*q + 2*z + 436, -3*q + 7*q - 338 = -2*z. Suppose -3*n = -4*f - 108, n + 2*f - q = -n. Calculate the remainder when n is divided by 14.
12
Calculate the remainder when 40 is divided by 256/18 + 8/(-36).
12
Let i(v) = -2*v**3 - 5*v**2 - 3*v - 2. Let j = -15 + 24. Calculate the remainder when i(-3) is divided by j.
7
Suppose -237 = -5*o - 3*h, -h - 131 = -3*o - 0*h. What is the remainder when o is divided by 16?
13
Let f(o) = -o**3 - 8*o**2 - 10*o - 6. Let g be f(-7). Suppose -m + g = -0. What is the remainder when 25 is divided by m?
10
Let w(v) = 2*v**3 - 8*v**2 + 2*v - 5. Calculate the remainder when 13 is divided by w(4).
1
Suppose -a = -2*a + 31. Let j = 6 + a. Suppose -2*x - 76 = -6*x. What is the remainder when j is divided by x?
18
Let j(q) = -66*q + 1. Suppose 2*z - 1 = -5*d, -4*d + 2 = 3*z - 3. Let h be j(d). Let u = h - 40. What is the remainder when u is divided by 14?
13
Suppose 4*k = -2*z + 30, 2*z - k - 8 = 2. Calculate the remainder when 13 is divided by z.
6
Let l(s) = s**2 + 4*s + 3. Let u(b) = b**2 - 5*b - 1. Let t be u(4). What is the remainder when 14 is divided by l(t)?
6
Let b be -2*(-3)/2 + 1. Suppose 3*y + 2*l - 67 = 0, 3*y - b*y - l = -24. Calculate the remainder when -2*2/(-2) + y is divided by 12.
9
What is the remainder when (12 + -14)*(1 + -3) is divided by 3?
1
Let n(x) = x**2 + 4*x + 2. Suppose -5*t = 3*o + 35, -2*t = o - t + 15. Let u = 64 + o. What is the remainder when u is divided by n(-7)?
21
Let r(m) = -m**2 + 8*m + 4. Let s = 67 + -54. What is the remainder when s is divided by r(8)?
1
Let x be (-426)/(-4) - (-6)/4. Suppose 3*j - 7*j = 272. Let k = x + j. What is the remainder when k is divided by 14?
12
Let d(m) = -m - 5. Let o(a) = -a - 5. Let z(l) = -2*d(l) + 3*o(l). Calculate the remainder when z(-7) is divided by 2.
0
Let w be (-12)/(-8)*(-32)/(-3). Suppose -3*b - 2 = w. Let j(a) = 2*a**2 + 3*a. What is the remainder when j(b) is divided by 14?
12
Suppose 7*u = 2*u + 20. Suppose 0 = 5*p + 2*g - 86, -p + 5*p - u*g - 80 = 0. Calculate the remainder when 70 is divided by p.
16
Let s(t) = 12*t + 8. Let b be s(-6). Let r = 66 - b. Suppose 5*j - r = -0*j. What is the remainder when j is divided by 14?
12
Suppose 30 - 105 = -5*h. What is the remainder when 27 is divided by h?
12
Let x be (-5 - (1 + -6))*(-2)/2. Let c = 0 - 6. Calculate the remainder when 5 is divided by x - c/(-2) - -6.
2
Suppose -3*w + 6*w = -5*d + 97, -d - 69 = -2*w. Calculate the remainder when w is divided by 6.
4
Let m(k) = -k + 2. Let v be m(3). Let z(o) = -9*o**3 + o**2 + 2*o + 1. Calculate the remainder when 35 is divided by z(v).
8
Suppose -21 = -364*w + 361*w. Let x(l) = l**2 + 5*l - 4. Calculate the remainder when x(3) is divided by w.
6
Let s(q) = q**3 - 3*q**2 + 4*q - 4. Let i be s(3). Suppose 3*z = i*z - 125. Let a = 38 - z. Calculate the remainder when a is divided by 5.
3
Let q(b) = 2*b - 10. Let d be q(5). Suppose d = -4*z - 3 + 51. What is the remainder when 45 is divided by z?
9
What is the remainder when 99 is divided by 2/(-2)*10*-2?
19
Let b(h) = 2*h**3 - 5*h**2 + h + 3. Suppose w - 76 = -w + 5*n, -2*n = -4*w + 168. What is the remainder when w is divided by b(3)?
13
Let d(u) = 4*u**2 + 6*u - 1. Calculate the remainder when 47 is divided by d(-3).
13
Let s = 1 + 5. Calculate the remainder when 20 is divided by s.
2
Suppose 4*g - 382 = 2*b, 2*g + b = -3*b + 166. What is the remainder when g is divided by 24?
21
Suppose 0 = 2*z - 0*z + 42. Let l = z + 39. What is the remainder when l is divided by 2/(-8) + 41/4?
8
Let a(r) = 2*r - 2. Suppose 3 - 12 = -3*s. What is the remainder when 10 is divided by a(s)?
2
Suppose 72 = s + 69. Suppose -k = k + 42. What is the remainder when s is divided by 2/8 - k/12?
1
Suppose -5*h - a = -72, -a = h - 2*h + 12. Suppose 50 - 158 = -2*v. What is the remainder when v is divided by h?
12
Let p(v) = 7*v + 28. Calculate the remainder when p(14) is divided by 32.
30
Suppose 0 = -0*j + 5*j - 110. Let a = 64 + -58. Calculate the remainder when j is divided by a.
4
Suppose -4*w = -5*t + 19, 3*t + 0*t + 2*w = 7. What is the remainder when 6 is divided by (2/t)/((-2)/(-12))?
2
Suppose 4*o = -8 + 292. What is the remainder when o is divided by 18?
17
Suppose d = -3*w - 152, -2*d = -4*w - 116 - 80. Let m = w + 70. Calculate the remainder when m is divided by 7.
6
Let r = 55 + -34. Calculate the remainder when r is divided by 11.
10
Let l = -75 - -110. Let j = l - 15. What is the remainder when j is divided by 7?
6
Let w(a) = 16*a + 8. Calculate the remainder when w(3) is divided by 15.
11
Let q = 2 - 0. Let h(i) = i + 11. Calculate the remainder when h(-8) is divided by q.
1
Let z = 43 - 13. Calculate the remainder when 108 is divided by z.
18
Let w be -2 + (1 - 2) + 9. Let b(o) = -o**3 + 8*o**2 - 9*o + 7. Calculate the remainder when b(w) is divided by 13.
12
Let o(f) = -7 + 1 - 2*f - 3*f. Let z be o(6). What is the remainder when 2 - 1 - (z + -2) is divided by 20?
19
Suppose -w + 0*o = -2*o - 30, -5*w = -5*o - 145. Suppose 0 = 3*v + x - 0*x - w, 4*v + x = 37. What is the remainder when 26 is divided by v?
8
Let t(b) = 2*b**3 + b - 1. Let y be t(1). Let w = 1 + 5. Calculate the remainder when -1*(-21 + 2 + y) is divided by w.
5
Let c(g) = g**2 - 5*g - 6. What is the remainder when c(7) is divided by 5?
3
Suppose 4*s - 20 = -s. Let w = 20 + -13. Suppose -5*x - 14 = -w*x. Calculate the remainder when x is divided by s.
3
Let n = -4 - 1. Let u = n - -30. What is the remainder when u is divided by 14?
11
Calculate the remainder when 2/(-17) - 2899/(-221) is divided by 6.
1
Suppose 0 = -q - 1, 5*p + 5*q = 16 - 6. What is the remainder when 27*(-1)/3*-1 is divided by p?
0
Let q(w) = 3*w + 48. Suppose -5*f + 77 = -28. What is the remainder when f is divided by q(-14)?
3
Let k = -2 - -6. Suppose -k*z + 2*z + 16 = 0. Let n(x) = 3*x - 4. What is the remainder when z is divided by n(3)?
3
What is the remainder when 2 is divided by (4 - -1)*6/15?
0
Let l = -436 + 293. Let m = 202 + l. Calculate the remainder when m is divided by (15/2)/3*8.
19
Let a = -1 + 1. Suppose a = -3*l - 1 - 5. Let x = 5 - l. Calculate the remainder when 19 is divided by x.
5
Suppose 5*o - 389 = 4*q + 90, -5*q = -3*o + 290. Suppose 0 = 6*w - 14*w + 192. Calculate the remainder when o is divided by w.
23
What is the remainder when 9*-11*6/(-9) is divided by (-1 + 0)*(-14 - 3 - 0)?
15
Let q(x) = x**3 + 5*x**2 + 2*x. Suppose 3*h + 12 = 3. Calculate the remainder when q(h) is divided by 7.
5
Let r(a) = -4*a. Let i be r(1). Let l = i + 7. Calculate the remainder when l is divided by 3.
0
Suppose -3*p - 4*f + 7*f = -3, -p - 4*f = -26. Suppose -p = -s + 7. Let h(l) = 3*l**2 - l - 2. What is the remainder when h(-4) is divided by s?
11
Let m(w) = -2*w + 1 + w**2 - 1. What is the remainder when ((-4)/8)/((-1)/46) is divided by m(-2)?
7
Let m(k) = -94*k. Let g be m(-1). Let o = -40 + g. What is the remainder when o is divided by 14?
12
Suppose 0 = 2*k - 4*j - 86, -k + 2*j = -4*k + 145. Calculate the remainder when k is divided by 18.
11
Suppose 4*z = 4*v + 124, -6*z - 2*v - 29 = -7*z. What is the remainder when 197 is divided by z?
32
Let h(n) = n + 14. Let k be h(-8). Suppose -k*l - 3*w + 66 = -l, -l = w - 14. What is the remainder when 47 is divided by l?
11
Suppose 57 = -d - 2*c, -d - c + 274 = -6*d. Let m = 39 + d. What is the remainder when 17 is divided by m/12*45/(-6)?
7
Let t(u) = -35*u - 32*u + 9*u - 11 + 10. What is the remainder when t(-1) is divided by 15?
12
Suppose 0 = -9*k + 13*k - 52. What is the remainder when 129 is divided by k?
12
Suppose 5*a = 95 + 10. Calculate the remainder when 108/(-6)*(35/(-10) + -1) is divided by a.
18
Let w(f) = 8*f - 2. Calculate the remainder when (-213)/(-8) - 84/(-224) is divided by w(2).
13
Let j(i) = i**2 + 5*i + 6. Calculate the remainder when 11 is divided by j(-5).
5
Let z = -52 + 94. Calculate the remainder when z is divided by 